culate v(-107).
-9
Let s(j) = -j**3 - 37*j**2 + 208*j + 9. Give s(5).
-1
Let w(j) = -121*j**3 - 13*j**2 - 11*j + 3. Calculate w(-1).
122
Let r(u) = -2*u**3 + 11*u + 3. Determine r(-3).
24
Let w(r) = r**3 + 6*r + 90. Determine w(0).
90
Let c(n) = n**3 - 73*n**2 - 172. Determine c(73).
-172
Let b(w) = -2*w**3 + 178*w**2 - 149. What is b(89)?
-149
Let f(i) = -5*i**2 - 161*i + 702. What is f(-36)?
18
Let k(y) = y**3 - 18*y**2 + 74*y + 30. Calculate k(10).
-30
Let k(f) = -12*f**2 + 56*f + 228. Determine k(-5).
-352
Let q(d) = -238*d - 5463. Give q(-23).
11
Let u(m) = -5*m**2 + 104*m - 328. What is u(4)?
8
Let r(x) = -24*x - 12. Give r(2).
-60
Let d(u) = 2*u**3 + 12*u**2 - 149*u - 926. Give d(-6).
-32
Let l(x) = -91*x**2 + 19*x + 53. Determine l(-3).
-823
Let v(j) = 154*j - 2098. Give v(14).
58
Let y(q) = 134*q + 497. Calculate y(-5).
-173
Let m(p) = 17*p**2 + 22*p + 44. Determine m(-2).
68
Let v(x) = -x**2 - 29*x + 37. What is v(7)?
-215
Let q(h) = -47*h - 739. Give q(-15).
-34
Let i(d) = 171*d + 696. Calculate i(-4).
12
Let u(n) = -n**3 - 35*n**2 - 54*n - 61. Give u(-33).
-457
Let x(m) = m**2 + 3*m - 95. Determine x(8).
-7
Let s(b) = -b**3 - 15*b**2 + 35*b + 27. Determine s(-17).
10
Let o(d) = -d**2 - 110*d - 1003. Give o(-100).
-3
Let x(l) = -l**3 + 50*l**2 - 91. Determine x(50).
-91
Let i(v) = 2*v**3 + 6*v**2 - 17*v - 91. Calculate i(-4).
-55
Let f(c) = c**2 - 1329*c + 2639. Give f(2).
-15
Let x(d) = 55*d - 5716. What is x(104)?
4
Let f(x) = -258*x + 6150. Determine f(24).
-42
Let u(h) = -4*h**3 - 51*h**2 + 8*h - 65. Give u(-13).
0
Let z(m) = 4*m**3 + m**2 + 84*m - 163. Determine z(2).
41
Let m(z) = 20*z**2 + 111*z - 16. Give m(-5).
-71
Let i(p) = -2*p**2 - 17*p + 40. What is i(-10)?
10
Let j(b) = -514*b - 7151. What is j(-14)?
45
Let f(y) = -6*y**2 - 19*y + 29. Give f(5).
-216
Let d(w) = 2*w**3 + 228*w**2 + 883*w + 328. Determine d(-110).
-2
Let t(l) = 137*l**2 - 22*l + 24. Determine t(1).
139
Let i(x) = 5*x**2 - x + 1. What is i(-7)?
253
Let x(m) = 78*m - 141. Determine x(3).
93
Let g(t) = -139*t**3 - 24*t + 24. Give g(1).
-139
Let t(n) = -n**3 - 13*n**2 + 156*n - 19. Determine t(7).
93
Let t(q) = q**2 - 6*q - 6. Determine t(9).
21
Let f(j) = j**3 - 35*j**2 + 245*j - 36. What is f(9)?
63
Let o(f) = 2*f**2 + 36*f + 3. Determine o(-18).
3
Let q(b) = -46*b + 2389. What is q(54)?
-95
Let r(a) = 2*a**3 - 45*a**2 + 217*a + 82. Give r(6).
196
Let i(w) = w**3 - 11*w**2 + 98*w - 858. Determine i(10).
22
Let g(z) = 2*z**2 + 15*z - 28. Calculate g(-10).
22
Let o(g) = 69*g**2 + 422*g + 50. Determine o(-6).
2
Let j(z) = z**2 - 102*z - 1249. Calculate j(113).
-6
Let m(u) = 7*u**2 - 557*u + 8227. Calculate m(60).
7
Let y(f) = f**3 - 6*f**2 + 7*f + 17. Determine y(6).
59
Let w(a) = 5*a**2 - 69*a - 40. Calculate w(22).
862
Let m(i) = -i**2 - 8*i + 46. Calculate m(-13).
-19
Let w(t) = -t**2 - 203*t - 1551. What is w(-8)?
9
Let i(c) = 258*c + 18071. Calculate i(-70).
11
Let z(w) = 11*w**2 + 72*w - 30. Determine z(-7).
5
Let g(i) = -i**2 - 4*i + 84. Give g(13).
-137
Let p(n) = -n**3 - 25*n**2 + 87*n + 49. Give p(-28).
-35
Let x(b) = -9*b**2 + 11*b - 7. Give x(3).
-55
Let y(n) = -3*n**2 - 161*n + 363. What is y(-56)?
-29
Let i(z) = -31*z + 498. Determine i(16).
2
Let q(v) = 1234*v - 34556. Give q(28).
-4
Let a(b) = 132*b - 1446. What is a(15)?
534
Let h(q) = -35*q + 26. What is h(7)?
-219
Let y(x) = -x**3 - 32*x**2 + 451*x + 1277. Calculate y(-42).
-25
Let v(l) = -148*l - 1179. Give v(-8).
5
Let g(d) = -108*d - 3060. Calculate g(-28).
-36
Let g(f) = -2*f**2 + 3*f - 27. What is g(-7)?
-146
Let d(o) = -28*o - 1332. What is d(-48)?
12
Let u(j) = -39*j + 48. What is u(1)?
9
Let a(f) = -f**2 - 32*f + 1210. Give a(-56).
-134
Let y(w) = -2*w**2 + 3*w + 37. Determine y(8).
-67
Let r(g) = -g**3 + 2*g**2 + 58*g + 33. Give r(-8).
209
Let b(m) = 16*m**3 - 6*m**2 - 6*m + 10. Calculate b(1).
14
Let g(k) = -k**3 - 10*k**2 + 636*k + 1077. Calculate g(-30).
-3
Let r(c) = 2*c**3 - 165*c**2 - 85*c + 75. Determine r(83).
-91
Let b(g) = -1052*g**2 - 4206*g + 17. Give b(-4).
9
Let y(u) = u**2 + 2*u + 21. What is y(-8)?
69
Let h(c) = 15*c + 134. Determine h(-13).
-61
Let z(x) = 2*x**3 + 12*x**2 + 2*x + 22. Determine z(-6).
10
Let s(i) = 1138*i - 4567. Determine s(4).
-15
Let s(b) = -b**2 + 28*b + 557. Determine s(41).
24
Let n(z) = z**3 - 36*z**2 - 4*z + 141. Determine n(36).
-3
Let c(t) = 677*t + 14896. Give c(-22).
2
Let g(h) = -15*h - 320. What is g(-30)?
130
Let a(g) = 3*g**3 + 174*g**2 + 2*g + 80. Determine a(-58).
-36
Let p(u) = u**3 + 11*u**2 + 21*u + 73. What is p(-11)?
-158
Let q(f) = -f**3 + 8*f**2 - 15*f + 142. What is q(7)?
86
Let q(j) = 13*j**3 + 13*j**2 + 5*j - 3. Give q(3).
480
Let h(o) = -25*o**2 - 11*o. What is h(4)?
-444
Let o(q) = -46*q + 418. Give o(9).
4
Let a(j) = 264*j - 1052. Determine a(4).
4
Let h(l) = -l**3 - 28*l**2 - 54*l - 54. What is h(-26)?
-2
Let s(f) = 187*f - 157. Give s(1).
30
Let c(w) = -52*w**2 - 412*w + 505. Give c(-9).
1
Let i(w) = 26*w**2 + 60*w - 176. Give i(6).
1120
Let g(a) = 45*a - 67. Give g(-5).
-292
Let u(c) = -12*c**3 + 120*c**2 - 289*c + 5. Determine u(4).
1
Let x(m) = m**2 + 197*m - 2952. Determine x(14).
2
Let j(v) = 14*v + 523. What is j(-66)?
-401
Let n(t) = 21*t - 612. Determine n(28).
-24
Let b(x) = -853*x + 3418. Give b(4).
6
Let p(j) = -j**2 - 364*j + 2203. Determine p(6).
-17
Let n(v) = v**3 + 51*v**2 - 104*v - 31. Determine n(-53).
-137
Let w(o) = -o**2 - 65*o + 11831. Determine w(81).
5
Let d(i) = 2*i**3 - 12*i**2 + 5*i + 12. Calculate d(5).
-13
Let m(b) = 5*b**3 - 2*b**2 + 9*b + 27. What is m(-2)?
-39
Let n(k) = 82*k + 1386. What is n(-17)?
-8
Let j(g) = 499*g**2 - 2504*g + 24. Determine j(5).
-21
Let v(a) = -45*a**2 + 405*a + 1. Determine v(9).
1
Let h(a) = a**2 + 94*a + 1993. Give h(-62).
9
Let f(t) = 6015*t + 114272. Give f(-19).
-13
Let v(a) = 288*a - 313. Determine v(2).
263
Let g(k) = -197*k + 1191. Give g(6).
9
Let d(s) = 141*s + 1128. Calculate d(-8).
0
Let x(f) = -4543*f + 72689. Give x(16).
1
Let b(v) = 87*v - 1414. Give b(16).
-22
Let a(h) = -3*h**3 + 4*h**2 + 9*h + 4. Determine a(-1).
2
Let s(v) = v**2 + 34*v - 2392. Give s(-69).
23
Let s(k) = -63*k**3 + 7*k + 6. Give s(-1).
62
Let w(p) = 2*p**3 - 48*p**2 + 125*p + 33. Determine w(21).
12
Let i(z) = 2*z**3 - 261*z**2 - 114*z - 2219. Give i(131).
8
Let s(b) = -10*b + 253. Determine s(37).
-117
Let a(q) = -9765*q + 39053. Determine a(4).
-7
Let k(y) = -82*y - 5254. What is k(-64)?
-6
Let f(v) = -78*v + 715. Calculate f(11).
-143
Let w(o) = -33*o**3 - 162*o**2 + 26. What is w(-5)?
101
Let y(c) = -3*c**3 + 4*c**2 + 6*c + 9. Give y(-4).
241
Let b(o) = 82*o + 31. Give b(-4).
-297
Let z(x) = 51*x - 380. Give z(7).
-23
Let i(s) = -1935*s - 3865. Determine i(-2).
5
Let i(w) = 129*w - 1. Calculate i(0).
-1
Let u(q) = -10*q + 313. What is u(35)?
-37
Let w(p) = -p**2 + 282*p - 19520. Give w(122).
0
Let s(r) = 30*r - 213. Determine s(8).
27
Let q(r) = -3*r**3 + 182*r**2 - 128*r + 473. Calculate q(60).
-7
Let y(m) = -125*m - 16129. Give y(-129).
-4
Let c(v) = -v**3 + 11*v**2 - 13*v - 9. Give c(11).
-152
Let n(a) = -a**3 - 14*a**2 + 43*a + 135. Determine n(-16).
-41
Let x(p) = 821*p + 10. Calculate x(0).
10
Let d(z) = -2*z**3 + 2*z**2 + 26. Calculate d(0).
26
Let q(k) = -97*k**2 - 186*k + 6. What is q(-2)?
-10
Let k(x) = -82*x - 1147. Calculate k(-14).
1
Let u(f) = f**3 - 9*f**2 + 53*f - 545. What is u(10)?
85
Let q(i) = -5*i + 30. Calculate q(5).
5
Let n(z) = 6*z**2 - 2*z - 72. Calculate n(0).
-72
Let u(k) = k**3 + 34*k**2 + 260*k - 14. Give u(-22).
74
Let d(u) = -17*u - 1030. Calculate d(-58).
-44
Let m(s) = 34*s + 28. Determine m(-1).
-6
Let i(h) = h**3 + 25*h**2 - 29*h + 61. What is i(-26)?
139
Let j(o) = -o**3 - 202*o**2 - 1182*o - 1183. What is j(-196)?
-7
Let a(y) = 8*y + 466. What is a(-29)?
234
Let y(a) = a**2 + 407*a - 3309. What is y(8)?
11
Let g(y) = y**2 + 40*y + 192. Give g(-36).
48
Let n(p) = -58*p + 1913. Calculate n(33).
-1
Let n(s) = s**3 - 27*s**2 + 90*s + 52. Give n(23).
6
Let f(y) = -121*y - 97. Determine f(7).
-944
Let w(s) = -23*s - 85. Determine w(1).
-108
Let v(t) = t**2 + 4*t + 98. Determine v(18).
494
Let t(v) = 5*v**3 + 3*v**2 - 61*v - 126. Determine t(-2).
-32
Let r(t) = -173*t - 10168. Give r(-58).
-134
Let f(c) = 494*c - 1473. Give f(3).
9
Let